ivisor of 2916 and 111828.
12
What is the greatest common factor of 1704648 and 45496?
968
What is the highest common factor of 1797849 and 333?
9
Calculate the greatest common factor of 703 and 3334367.
19
What is the greatest common factor of 5044 and 4574128?
52
What is the highest common factor of 2050986 and 2506?
14
Calculate the greatest common divisor of 394638 and 3192243.
2703
What is the highest common factor of 1659 and 15794233?
553
Calculate the highest common factor of 426074 and 13032.
362
What is the highest common factor of 878525 and 15?
5
Calculate the highest common factor of 43652 and 69496.
28
Calculate the greatest common divisor of 1204 and 7767004.
1204
Calculate the highest common factor of 1481672 and 60164.
356
Calculate the greatest common divisor of 82884530 and 130.
10
Calculate the highest common factor of 1293270 and 6380.
110
What is the greatest common factor of 141042355 and 668?
167
What is the highest common factor of 65367288 and 3220?
644
Calculate the highest common factor of 29713 and 20291.
1
Calculate the highest common divisor of 29 and 27715184.
29
What is the highest common factor of 168 and 93540?
12
What is the highest common factor of 416 and 2299037?
13
Calculate the highest common divisor of 5551955 and 54270.
335
What is the greatest common factor of 53631 and 23412911?
5959
What is the greatest common factor of 9 and 59210883?
9
What is the highest common divisor of 16 and 6103268?
4
Calculate the highest common divisor of 3481423 and 44.
11
What is the greatest common divisor of 82997827 and 187?
11
Calculate the greatest common factor of 54000 and 299052.
108
Calculate the highest common divisor of 124623408 and 412.
412
Calculate the greatest common divisor of 822756 and 29106.
66
Calculate the highest common factor of 56 and 13713256.
8
Calculate the greatest common factor of 3269944 and 2704.
8
What is the greatest common factor of 243511062 and 6?
6
What is the greatest common factor of 2236 and 3278148?
172
Calculate the highest common divisor of 52636 and 18794.
2
Calculate the highest common divisor of 2740 and 3002355.
685
What is the highest common divisor of 399 and 7201095?
57
Calculate the greatest common factor of 7288680 and 200.
40
Calculate the greatest common factor of 589 and 79337711.
589
What is the greatest common factor of 87 and 319551?
87
Calculate the greatest common divisor of 6175965 and 53133.
597
Calculate the highest common divisor of 6717 and 839009275.
2239
Calculate the highest common divisor of 6486 and 4699530.
282
Calculate the highest common factor of 7099 and 651047.
229
What is the highest common factor of 7052 and 104542374?
3526
Calculate the highest common factor of 217 and 1587107.
31
Calculate the highest common factor of 1625 and 18478525.
325
Calculate the highest common divisor of 288 and 20934603.
9
Calculate the greatest common factor of 1194 and 133226918.
398
Calculate the greatest common divisor of 5296 and 38149736.
2648
What is the highest common divisor of 2660 and 617484?
28
What is the highest common divisor of 52599853 and 213?
71
Calculate the highest common divisor of 189558915 and 9555.
1365
What is the highest common divisor of 21477 and 61563?
3
Calculate the greatest common factor of 925967 and 49.
7
Calculate the highest common divisor of 134841196 and 56.
28
Calculate the highest common factor of 168 and 167685.
21
Calculate the highest common factor of 342390 and 12541170.
3030
What is the greatest common divisor of 991 and 169453072?
991
Calculate the highest common factor of 458025 and 20775.
75
What is the greatest common factor of 236481 and 22869?
21
Calculate the highest common factor of 1669965 and 8613.
957
Calculate the highest common divisor of 57 and 42661004.
19
Calculate the highest common factor of 8892975 and 280.
35
Calculate the greatest common factor of 9948 and 582500166.
4974
What is the greatest common factor of 1383131 and 1241?
73
What is the greatest common divisor of 142080 and 150405?
555
Calculate the greatest common divisor of 2325676800 and 240.
240
What is the highest common factor of 45 and 431955165?
15
What is the greatest common factor of 19096530 and 26550?
1770
Calculate the greatest common factor of 37825 and 19936750.
425
Calculate the highest common divisor of 35 and 5191431.
7
Calculate the highest common factor of 56242630 and 15.
5
What is the greatest common factor of 113887819 and 1?
1
What is the greatest common factor of 100098 and 19564?
134
What is the greatest common factor of 190 and 18882238?
38
Calculate the highest common divisor of 172695510 and 2106.
702
Calculate the highest common factor of 980766 and 1403.
23
Calculate the highest common factor of 205 and 51320766.
41
What is the greatest common divisor of 2001 and 372824?
29
What is the highest common divisor of 38896 and 128699792?
3536
What is the highest common divisor of 160884 and 78228?
1476
What is the highest common factor of 18141065 and 205?
205
What is the highest common factor of 6691023 and 36?
9
Calculate the greatest common divisor of 267008 and 826801.
149
Calculate the greatest common divisor of 1535729 and 255.
17
Calculate the highest common factor of 22282809 and 1695.
339
What is the greatest common factor of 157944 and 432?
24
Calculate the greatest common factor of 787699 and 186749.
101
What is the greatest common factor of 14217621 and 2178?
363
What is the highest common factor of 7677932 and 2144?
268
What is the greatest common factor of 4356 and 12150776?
44
Calculate the highest common factor of 11125640 and 190.
190
Calculate the greatest common factor of 288 and 19021856.
32
Calculate the highest common divisor of 42 and 1661424954.
42
What is the highest common divisor of 40 and 1526592?
8
Calculate the greatest common divisor of 6342 and 862148.
14
Calculate the highest common divisor of 1305647 and 73919.
383
Calculate the greatest common factor of 169480 and 1778425.
1115
Calculate the greatest common divisor of 196 and 9008426.
14
Calculate the highest common factor of 2070404303 and 3583.
3583
Calculate the greatest common divisor of 145756795 and 5.
5
Calculate the greatest common factor of 155923281 and 9.
9
What is the greatest common divisor of 1189 and 8382983?
41
What is the greatest common divisor of 68 and 63222116?
68
Calculate the greatest common factor of 1079320 and 7282.
22
Calculate the greatest common factor of 145 and 3387026.
29
What is the highest common divisor of 2429 and 13992081?
347
What is the greatest common divisor of 1380842 and 1323506?
4778
Calculate the greatest common factor of 668 and 76560816.
668
What is the highest common factor of 5067792 and 83376?
432
What is the highest common factor of 42110 and 65620013?
4211
What is the greatest common divisor of 4774 and 12740287?
217
What is the highest common divisor of 32402 and 4684948?
1906
What is the greatest common factor of 109536930 and 90?
90
Calculate the highest common divisor of 46 and 566556217.
23
Calculate the highest common divisor of 6492 and 87562473.
1623
What is the greatest common divisor of 149 and 253958729?
149
What is the highest common factor of 3480 and 131918970?
870
Calculate the greatest common divisor of 45598203 and 630.
63
What is the highest common factor of 93 and 3943131?
3
Calculate the greatest common divisor of 12762 and 45774.
18
What is the highest common divisor of 22043 and 930496?
469
What is the highest common divisor of 480 and 1934160?
240
Calculate the highest common divisor of 280 and 4994.
2
What is the greatest common divisor of 3384425 and 397?
397
Calculate the greatest common factor of 102589016 and 9384.
3128
What is the greatest common factor of 5578866 and 90?
18
Calculate the greatest common factor of 47880 and 1128260.
140
Calculate the highest common divisor of 33 and 1635171.
3
Calculate the greatest common divisor of 462921 and 48.
3
What is the greatest common divisor of 328767889 and 5942?
2971
What is the highest common factor of 3800 and 653250400?
3800
Calculate the highest common divisor of 1060424 and 50827.
53
Calculate the highest common factor of 654322 and 7391.
19
What is the highest common divisor of 185240 and 540?
20
C